{"id":2280,"date":"2020-06-21T20:52:24","date_gmt":"2020-06-21T20:52:24","guid":{"rendered":"https:\/\/bissfest.net.hera.ch-meta.net\/?page_id=2280"},"modified":"2023-12-14T15:34:09","modified_gmt":"2023-12-14T15:34:09","slug":"ausstellung-2","status":"publish","type":"page","link":"https:\/\/www.bissfest.net\/index.php\/ausstellung-2\/","title":{"rendered":"Satire Forum"},"content":{"rendered":"<section class=\"wpb-content-wrapper\"><p>[vc_row][vc_column][vc_empty_space height=&#8221;130px&#8221;][\/vc_column][\/vc_row][vc_row][vc_column][vc_column_text]<\/p>\n<div class=\"title-h1\"><span style=\"color: #60c3d9;\">SATIRE FORUM 2023<\/span><\/div>\n<p>[\/vc_column_text][vc_column_text]<\/p>\n<div class=\"title-h1 title-h3\">\n<p>SA 21 OKT \/ 12-17 H<strong><br \/>\n<\/strong><\/p>\n<\/div>\n<p>[\/vc_column_text][vc_column_text]Gratis Eintritt<\/p>\n<h4><strong>Am Satire Forum wollen wir mit einem interaktiven Angebot und spannenden G\u00e4sten den Dialog f\u00f6rdern und die Kunst der Satire dem interessierten Publikum jeden Alters zug\u00e4nglich machen.<\/strong><\/h4>\n<p>pr\u00e4sentiert von[\/vc_column_text][vc_single_image image=&#8221;2889&#8243; img_size=&#8221;full&#8221;][\/vc_column][\/vc_row][vc_row disable_element=&#8221;yes&#8221;][vc_column width=&#8221;1\/6&#8243;][\/vc_column][vc_column width=&#8221;1\/6&#8243;][\/vc_column][vc_column width=&#8221;1\/6&#8243;][\/vc_column][vc_column width=&#8221;1\/6&#8243;][\/vc_column][vc_column width=&#8221;1\/6&#8243;][\/vc_column][vc_column width=&#8221;1\/6&#8243;][\/vc_column][\/vc_row][vc_row][vc_column width=&#8221;1\/2&#8243;][vc_single_image image=&#8221;2601&#8243; img_size=&#8221;full&#8221; css_animation=&#8221;fadeInUp&#8221;][vc_column_text]<\/p>\n<div class=\"title-h2\">\n<p><span style=\"color: #60c3d9;\"><strong>Marktplatz<\/strong><\/span><\/div>\n<p>[\/vc_column_text][vc_column_text]<\/p>\n<h5>12.00 &#8211; 17.00 Uhr<\/h5>\n<p>[\/vc_column_text][vc_column_text]Hol Dir Infos und Literatur vom Besten an den St\u00e4nden rund um die Ausstellung, es erwarten Dich folgende Anbieter:<\/p>\n<p><strong>Edition Moderne<\/strong> Verlag f\u00fcr Graphic Novels und Comics<br \/>\n<strong>Tschuttiheftli<\/strong> Fussballmagazin mal anders<br \/>\n<strong>Petarde<\/strong> Das Online Satire Format<br \/>\n<strong>Fantoche<\/strong> It&#8217;s GIFing! 2023. Kuratiert von Dasha Byrne[\/vc_column_text][\/vc_column][vc_column width=&#8221;1\/2&#8243;][vc_single_image image=&#8221;2597&#8243; img_size=&#8221;full&#8221; style=&#8221;vc_box_rounded&#8221; onclick=&#8221;custom_link&#8221; css_animation=&#8221;fadeInUp&#8221;][vc_column_text]<\/p>\n<div class=\"title-h2\">\n<p><span style=\"color: #60c3d9;\"><strong>Cartoontable<br \/>\n<\/strong><\/span><\/div>\n<p>[\/vc_column_text][vc_column_text]<\/p>\n<h5>ab 13.00 Uhr<\/h5>\n<p>[\/vc_column_text][vc_column_text]Zahlreiche bekannte Cartoonist:innen reisen an und nehmen am Bissfest teil. Sie stehen Dir am Cartoontable zum Dialog, f\u00fcr Autogramme und B\u00fccher-Widmungen zur Verf\u00fcgung.<\/p>\n<p><strong>Meet the Cartoonists:<br \/>\nCartoonist:innen aus CH-D-A<\/strong>[\/vc_column_text][\/vc_column][\/vc_row][vc_row][vc_column width=&#8221;1\/2&#8243;][vc_single_image image=&#8221;2599&#8243; img_size=&#8221;full&#8221; css_animation=&#8221;fadeInUp&#8221;][vc_column_text]<\/p>\n<div class=\"title-h2\">\n<p><span style=\"color: #60c3d9;\"><strong>Speeches<br \/>\n<\/strong><\/span><\/div>\n<p>[\/vc_column_text][vc_column_text]<\/p>\n<h5>13.00 \/ 14.00 \/ 15.00 Uhr<\/h5>\n<p>[\/vc_column_text][vc_column_text]Nutze die einmalige Gelegenheit und verfolge auf der B\u00fchne die Themen-Speeches von drei Szenengr\u00f6ssen:<\/p>\n<p><strong>Stephan L\u00fctolf<\/strong> Cartoonist <strong>&gt; Cartoons<\/strong><br \/>\n<strong>Stewia2046<\/strong> Instagramer <strong>&gt; Memes<\/strong><br \/>\n<strong>Jonas R\u00e4ber <\/strong>Trickfilmer <strong>&gt; Videos<\/strong>[\/vc_column_text][\/vc_column][vc_column width=&#8221;1\/2&#8243;][vc_single_image image=&#8221;2799&#8243; img_size=&#8221;full&#8221; alignment=&#8221;center&#8221; css_animation=&#8221;fadeInUp&#8221;][vc_column_text]<\/p>\n<div class=\"title-h2\">\n<p><span style=\"color: #60c3d9;\"><strong>Podiumtalk<br \/>\n<\/strong><\/span><\/div>\n<p>[\/vc_column_text][vc_column_text]<\/p>\n<h5>16:00 Uhr<\/h5>\n<p>[\/vc_column_text][vc_column_text]Am sp\u00e4teren Nachmittag erwartet Dich auf der B\u00fchne der Podiumtalk \u00abWas darf Satire?\u00bb mit spannenden G\u00e4sten:<\/p>\n<p><strong>Peter Schneider<\/strong> Satiriker, Psychoanalytiker<br \/>\n<strong>Michelle Kalt <\/strong>Satirikerin, Juristin<br \/>\n<strong>Patrick M\u00fcller<\/strong> Talkleiter, Chefredaktor ch media[\/vc_column_text][\/vc_column][\/vc_row][vc_row disable_element=&#8221;yes&#8221;][vc_column][vc_empty_space height=&#8221;100px&#8221;][\/vc_column][\/vc_row][vc_row][vc_column width=&#8221;1\/2&#8243;][vc_single_image image=&#8221;2798&#8243; img_size=&#8221;full&#8221; css_animation=&#8221;fadeInUp&#8221;][vc_column_text]<\/p>\n<div class=\"title-h2\">\n<p><span style=\"color: #60c3d9;\"><strong>Ausstellung<br \/>\n<\/strong><\/span><\/div>\n<p>[\/vc_column_text][vc_column_text]<\/p>\n<h5>12.00 &#8211; 17.00 Uhr<\/h5>\n<p>[\/vc_column_text][vc_column_text]<\/p>\n<div class=\"wpb_text_column wpb_content_element thegem-vc-text thegem-custom-65003afd2d1fd6476\">\n<div class=\"wpb_wrapper\">\n<p>Die Cartoon Ausstellung zum <strong>Thema \u00abUnter Strom\u00bb<\/strong> zeigt eine beeindruckende Sammlung von Cartoons namhafter Cartoonist:innen aus der <strong>Schweiz, Deutschland und \u00d6sterreich<\/strong>. Die auf Einladung entstandenen Werke werden im Grossformat auf mobilen Stellw\u00e4nden inszeniert.<\/div>\n<\/div>\n<p>[\/vc_column_text][\/vc_column][vc_column width=&#8221;1\/2&#8243;][vc_single_image image=&#8221;2430&#8243; img_size=&#8221;full&#8221; alignment=&#8221;center&#8221; css_animation=&#8221;fadeInUp&#8221;][vc_column_text]<\/p>\n<div class=\"title-h2\">\n<p><span style=\"color: #60c3d9;\"><strong>Ambiente<br \/>\n<\/strong><\/span><\/div>\n<p>[\/vc_column_text][vc_column_text]<\/p>\n<h5>12.00 &#8211; 17.00 Uhr<\/h5>\n<p>[\/vc_column_text][vc_column_text]<\/p>\n<div class=\"wpb_text_column wpb_content_element thegem-vc-text thegem-custom-65003afd2d1fd6476\">\n<div class=\"wpb_wrapper\">\n<p>Geniesse das inspirierende Bissfest-Ambiente. Mit visuellen Momenten und live Cartoons auf dem <strong>Big Screen<\/strong>, vielen kreativen K\u00f6pfen, und der <strong>Cafeteria<\/strong> zum gem\u00fctlichen Verweilen oder f\u00fcr ein angeregtes Gespr\u00e4ch.<\/div>\n<\/div>\n<p>[\/vc_column_text][\/vc_column][\/vc_row][vc_row disable_element=&#8221;yes&#8221;][vc_column width=&#8221;1\/2&#8243;][vc_column_text]<\/p>\n<div class=\"title-h2\">\n<p><span style=\"color: #60c3d9;\"><strong>F\u00fchrungen<\/strong><\/span><\/div>\n<p>[\/vc_column_text][vc_column_text]Die Ausstellung konnte als Gruppe gef\u00fchrt besucht werden. Willkommen waren Schulklassen, Firmen und Vereine, aber auch Privatpersonen als Gruppe ab 10 Personen.[\/vc_column_text][vc_column_text]<\/p>\n<p data-wp-editing=\"1\"><a href=\"\/index.php\/kontakt\/\" rel=\"noopener noreferrer\">Kontakt<\/a><\/p>\n<p>[\/vc_column_text][\/vc_column][vc_column width=&#8221;1\/2&#8243;][\/vc_column][\/vc_row][vc_row disable_element=&#8221;yes&#8221;][vc_column][vc_empty_space height=&#8221;100px&#8221;][\/vc_column][\/vc_row][vc_row][vc_column][vc_column_text]<\/p>\n<div class=\"title-h2\">\n<p><span style=\"color: #60c3d9;\"><strong>Austragungsort<\/strong><\/span><\/div>\n<p>[\/vc_column_text][\/vc_column][\/vc_row][vc_row][vc_column width=&#8221;1\/3&#8243;][vc_single_image image=&#8221;935&#8243; img_size=&#8221;full&#8221; css_animation=&#8221;fadeInUp&#8221;][\/vc_column][vc_column width=&#8221;2\/3&#8243;][vc_raw_html]JTNDaWZyYW1lJTIwc3JjJTNEJTIyaHR0cHMlM0ElMkYlMkZ3d3cuZ29vZ2xlLmNvbSUyRm1hcHMlMkZlbWJlZCUzRnBiJTNEJTIxMW0xOCUyMTFtMTIlMjExbTMlMjExZDExMzUuNDgyNzYyNzUzMDk1NCUyMTJkOC4zMDU1ODc3MzExOTg1NiUyMTNkNDcuNDc4MTA5NTYxNTAwNjclMjEybTMlMjExZjAlMjEyZjAlMjEzZjAlMjEzbTIlMjExaTEwMjQlMjEyaTc2OCUyMTRmMTMuMSUyMTNtMyUyMTFtMiUyMTFzMHg0NzkwNmNjMGFmZmJhYTliJTI1M0EweGNiMjhiNTc1MTBkZWMwMTglMjEyc0JhZGVuJTI1MkMlMjUyMFRyYWZvJTIxNWUxJTIxM20yJTIxMXNkZSUyMTJzY2glMjE0djE1OTMxODU5MTAxMDElMjE1bTIlMjExc2RlJTIxMnNjaCUyMiUyMHdpZHRoJTNEJTIyMTAwJTI1JTIyJTIwaGVpZ2h0JTNEJTIyMzY1JTIyJTIwZnJhbWVib3JkZXIlM0QlMjIwJTIyJTIwc3R5bGUlM0QlMjJib3JkZXIlM0EwJTNCJTIyJTIwYWxsb3dmdWxsc2NyZWVuJTNEJTIyJTIyJTIwYXJpYS1oaWRkZW4lM0QlMjJmYWxzZSUyMiUyMHRhYmluZGV4JTNEJTIyMCUyMiUzRSUzQyUyRmlmcmFtZSUzRQ==[\/vc_raw_html][\/vc_column][\/vc_row][vc_row][vc_column width=&#8221;2\/3&#8243;][vc_column_text]<\/p>\n<h4>Trafo Baden, Halle 37<\/h4>\n<p>[\/vc_column_text][vc_column_text]Die Trafo Hallen in Baden sind der ideale Ort, um das vielseitige Angebot des Bissfest unter ein Industriedach zu bringen. Wir empfehlen die Anreise mit \u00d6V.[\/vc_column_text][\/vc_column][vc_column width=&#8221;1\/3&#8243;][vc_column_text]<\/p>\n<h4>Der Besuch des Satire Forum ist gratis<\/h4>\n<p>[\/vc_column_text][vc_column_text]<a href=\"https:\/\/www.trafobaden.ch\" target=\"_blank\" rel=\"noopener noreferrer\">trafobaden.ch<\/a>[\/vc_column_text][\/vc_column][\/vc_row][vc_row][vc_column][vc_empty_space height=&#8221;100px&#8221;][\/vc_column][\/vc_row]<\/p>\n<\/section>","protected":false},"excerpt":{"rendered":"<p>[vc_row][vc_column][vc_empty_space height=&#8221;130px&#8221;][\/vc_column][\/vc_row][vc_row][vc_column][vc_column_text] SATIRE FORUM 2023 [\/vc_column_text][vc_column_text] SA 21 OKT \/ 12-17 H [\/vc_column_text][vc_column_text]Gratis Eintritt Am Satire Forum wollen wir mit&#8230;<\/p>\n","protected":false},"author":1,"featured_media":0,"parent":0,"menu_order":0,"comment_status":"closed","ping_status":"open","template":"","meta":[],"_links":{"self":[{"href":"https:\/\/www.bissfest.net\/index.php\/wp-json\/wp\/v2\/pages\/2280"}],"collection":[{"href":"https:\/\/www.bissfest.net\/index.php\/wp-json\/wp\/v2\/pages"}],"about":[{"href":"https:\/\/www.bissfest.net\/index.php\/wp-json\/wp\/v2\/types\/page"}],"author":[{"embeddable":true,"href":"https:\/\/www.bissfest.net\/index.php\/wp-json\/wp\/v2\/users\/1"}],"replies":[{"embeddable":true,"href":"https:\/\/www.bissfest.net\/index.php\/wp-json\/wp\/v2\/comments?post=2280"}],"version-history":[{"count":71,"href":"https:\/\/www.bissfest.net\/index.php\/wp-json\/wp\/v2\/pages\/2280\/revisions"}],"predecessor-version":[{"id":3021,"href":"https:\/\/www.bissfest.net\/index.php\/wp-json\/wp\/v2\/pages\/2280\/revisions\/3021"}],"wp:attachment":[{"href":"https:\/\/www.bissfest.net\/index.php\/wp-json\/wp\/v2\/media?parent=2280"}],"curies":[{"name":"wp","href":"https:\/\/api.w.org\/{rel}","templated":true}]}}